417/2)/((-6 - 28)/(-17)) a prime number?
True
Suppose -3*f - 32203 = -v + 330, 5*f + 54223 = 3*v. Let j = -3931 - f. Is j composite?
True
Let w(k) = 80*k - 140. Let p be w(2). Let f(v) be the third derivative of 31*v**4/6 + 17*v**3/6 + v**2. Is f(p) a prime number?
False
Let d(a) = a**3 + 9*a**2 - 37*a - 26. Is d(23) a composite number?
True
Let o be ((-4671)/18)/((-1)/10). Suppose -o = -5*p + 44460. Is p composite?
True
Let k(i) = 5*i**2 + i + 14099. Is k(0) a composite number?
True
Let i(t) = 19*t**2 - 22*t - 21. Let n be i(-1). Suppose 0*w = -n*w + 283540. Is w composite?
False
Let i(w) = -9*w**2 + 19*w + 15. Let o(c) = -8*c**2 + 20*c + 14. Let x(t) = -2*i(t) + 3*o(t). Let b be x(-12). Let a = b + 1669. Is a a composite number?
True
Let w be 1/6 + 9224/(-48). Let f = -424 - w. Let q = -105 - f. Is q a prime number?
True
Let j(a) = a**2 - 15*a + 39. Let x be j(12). Suppose x*m + 3*d - 15935 = -d, 3*d + 15963 = 3*m. Is m composite?
True
Suppose -3*h + 2*d + 494857 = 0, 164955 = -51*h + 52*h + 2*d. Is h a composite number?
False
Suppose 18*q - 15925674 = 5708148. Is q prime?
False
Is (91665758/(-3624))/((-1)/12) a prime number?
True
Let p(q) = -q**2 + q + 1. Let t be ((-5)/((-15)/12) - 2) + -3. Let m be p(t). Let d(j) = -161*j**3 + j**2 + j. Is d(m) a composite number?
True
Let j(d) = -132*d**3 - 3*d**2 + 8*d - 6. Let n(r) = 132*r**3 + 4*r**2 - 8*r + 7. Let u(y) = 2*j(y) + 3*n(y). Is u(4) prime?
True
Let y(w) = -w**2 - 2. Let h(p) = -9*p**2 + 4*p + 6. Let i(s) = -h(s) + 4*y(s). Is i(-11) a composite number?
True
Suppose 63*p - 15278320 = -17*p. Is p a prime number?
True
Let s(b) = 2*b - 4. Suppose 3*l - 11 = 1. Let q be s(l). Is 2224/40*10/q prime?
True
Let c(v) = -14*v**2 - 15*v + 40. Let t(j) = 15*j**2 + 14*j - 41. Let s(y) = -4*c(y) - 3*t(y). Is s(2) composite?
False
Suppose 0*b + 12426 = 6*b. Let n = b - 945. Let x = n + -704. Is x a prime number?
False
Is ((-3)/6 - (-31386)/4)/(190/7885) prime?
False
Suppose 4*v - 2*x = -10, 3*v + x - 5 = 6*v. Suppose 0*b + 9*b = v. Suppose b*z = z - 893. Is z a prime number?
False
Let l be (-4 - (-22895 + (-7 - -2))) + -4. Suppose 5*y + 5*r - 114490 = 0, 2*y - 5*r = y + l. Is y a composite number?
True
Suppose -1050379 = -9*d - 5*b, -3*d - 116695 = -4*d - 4*b. Is d a composite number?
True
Let t(b) = b**2 + 14*b - 68. Let v be t(-18). Suppose v*i - 3665 = -149. Is i composite?
True
Let o(i) = 2*i**3 + 17*i**2 + 4*i + 14. Suppose -4*n + 20 = -2*a - 0, -2 = -a. Is o(n) a composite number?
True
Let j = 70 - 44. Suppose 0 = -21*t + j*t - 45. Let i(o) = 54*o**2 + 34*o + 5. Is i(t) composite?
True
Let k(r) = -63*r + 43. Suppose -4*n - 42 = -2. Is k(n) prime?
True
Suppose -c + 12132 = 3*r - 253, -2*r - 24818 = -2*c. Is c prime?
False
Suppose 13*c - 34 + 8 = 0. Suppose -2*l = c*v - 12010, -3*v - v + 24020 = 5*l. Is v a prime number?
False
Let l(s) = s**3 + 5*s**2 + s + 4. Let q be l(-5). Let z(o) = -17*o - 120. Let x be z(-7). Is (52 - (-5 - x)) + q a composite number?
True
Let d(w) = w - 6 + 140 - 40*w + 14*w**2. Is d(21) a prime number?
False
Let p = 52 - 47. Suppose u + 3*u - 3*m = 26, -p*u + 31 = -3*m. Suppose -3*x + 2865 = 2*g - 1170, -u*x = g - 6718. Is x composite?
True
Suppose 5*d - 43 + 33 = 0. Suppose 2*n - 2282 = d*g + 16780, 47639 = 5*n - g. Is n a prime number?
False
Suppose -2544*k + 831862 = -2542*k. Is k composite?
False
Let t(s) be the second derivative of 5*s**4/8 - 5*s**3/6 - s**2 - 5*s. Let l(r) be the first derivative of t(r). Is l(10) prime?
False
Let d(j) = 1281*j - 44. Suppose 9*u - 6*u - 31 = -4*x, 4*x = -2*u + 30. Is d(x) composite?
False
Let h(i) = 5*i - 23. Let t be h(11). Is (88/10)/(t/80) composite?
True
Let o(q) = 59517*q**2 - 27*q - 21. Is o(-4) a composite number?
True
Let g = 150678 - 72707. Is g composite?
True
Let s be -1 + 4408 - 65/13. Suppose -s = -2*j + p, 4*j - 3*p = 3*j + 2191. Is j a prime number?
True
Is 21840220/148 - (-20)/(-370) a composite number?
True
Is -4*3/(-18)*8577786/28 a prime number?
True
Is 945671*(7 + (61 + -7)/(-9)) a prime number?
True
Suppose 2*v = -20*v + 770. Suppose 74537 = v*t - 82298. Is t composite?
False
Suppose 3*s + 4939069 = 8*l, 25*l - 26*l = -s - 617378. Is l prime?
True
Let y(p) = -p**2 - 17*p + 84. Let t be y(-21). Suppose t = 7*s - 48107 - 52476. Is s composite?
False
Suppose 4*a + 20256 = 3*l + l, 0 = 3*l + 3*a - 15216. Suppose 7*g - 2*g - 37 = w, -4*g = w - 35. Is 14*(l/g)/7 a prime number?
False
Let v(f) = 2137*f**2 + 79*f + 491. Is v(-8) a prime number?
False
Suppose -2*p + 18 = 2*v, -489*v - 18 = -485*v - 5*p. Suppose 2*f + 5*d - 2*d = 477, d = 5*f - 1184. Suppose -f + 2394 = v*a. Is a a composite number?
False
Suppose 22*d + 18*d = 120. Suppose -3*g + 63807 = d*s - 0*s, 0 = -2*g. Is s a composite number?
False
Let j(q) be the second derivative of 22*q**4/3 - 25*q**3/6 + q**2 + 18*q. Let d(h) be the first derivative of j(h). Is d(7) a prime number?
False
Suppose 20*v + 17742 = 18*v. Let k = v - -26558. Is k a composite number?
True
Let u(p) = -66*p**3 - 4*p**2 + 4*p - 13. Let b be u(-6). Suppose 13*j + 3844 = b. Let r = j + 574. Is r prime?
True
Is 51044/(-21)*255/(-68) prime?
False
Let c be 245/2 - (1 - 0)/(-2). Let y = c + -51. Suppose -76*r + 3580 = -y*r. Is r composite?
True
Suppose 6*b = -22*b + 420. Suppose -2477 = b*u - 16*u. Is u a composite number?
False
Let a = 13 + -8. Suppose 2*j - 3*u = 7531, 6*j + 11298 = 9*j - a*u. Is j a composite number?
False
Let a = 970767 - 561206. Is a a prime number?
False
Suppose 4*v = -v - 4*b - 10, 2*b + 20 = 5*v. Suppose -2*h + v*o + 10 = 0, 2*h = 3*h + 4*o. Let d(w) = 63*w**2 + 12*w + 3. Is d(h) a composite number?
True
Is ((-4)/6)/(110/(-495)) - -95534 composite?
True
Let k = 45 + -45. Suppose 4 = d - k. Is -1 + d + (-9522)/(-9) a composite number?
False
Suppose 0 = 10*z - 42 - 178. Let c be (1*6)/(6/12). Suppose -z = -q + c. Is q composite?
True
Let u = 12 - 24. Let b be (3 - (-102)/u)*-2. Suppose b*c - 3297 = -844. Is c a composite number?
False
Let l be ((-1 - -1) + -2)*-37. Suppose -1849 = 8*n - 5665. Let q = n - l. Is q a composite number?
True
Let o(n) = 11*n + 40. Let i be o(-2). Is (-45)/i*6/(-5) + 1792 composite?
True
Suppose -22 - 36 = -2*u. Suppose 5*k - u = -9. Suppose 2*d = 2*b - 1040, -6*b + k*d + 2601 = -b. Is b composite?
False
Suppose 48*s - 5618 - 9598 = 0. Suppose 315*b = s*b - 3514. Is b composite?
True
Let p be 2 + (8 - 2)/(-3) + -4228. Let q = p - -8699. Suppose 5*l = -y + q - 371, -10 = 2*y. Is l a composite number?
False
Let q be 1 + 7*3881 - (55 - 51). Suppose 13*k - q = 42789. Is k a prime number?
True
Suppose 761 = 5*r + 161. Suppose -2*h - r = 34. Let c = 134 - h. Is c a prime number?
True
Let b(z) = -43*z**3 + 37*z**2 + 13*z + 22. Is b(-7) composite?
False
Let k = 41914 + 418297. Is k a composite number?
False
Suppose 0 = 6*h + 1643 + 17833. Let l = 6475 + h. Is l prime?
True
Let a = -509528 - -966255. Is a a prime number?
True
Let n(b) = -79*b**3 + 29*b - 15. Is n(-14) a prime number?
False
Suppose 7*w = 2*u + 6*w - 284542, -2*u - 3*w + 284542 = 0. Is u prime?
True
Let c be (1 + 0)/(((-45)/(-10))/9). Is (-157)/c*(-11 - (4 - 5)) a composite number?
True
Let p(y) = -y**2 - 31*y - 56. Let i be p(-29). Is (1 - i/6)/(30/51255) composite?
True
Suppose -g = -3*f - 3 + 17, 4*g + 20 = 0. Let o(i) = -f - 17 + 13*i - 6. Is o(15) composite?
True
Let a(v) = -2835*v**3 - 3*v**2 - v. Let o be a(-2). Let i = o - 244. Is i a composite number?
True
Let l = -8774 - -17263. Is l prime?
False
Suppose -5*t = 5*y - 1100753 + 417303, 5*t - 2*y - 683457 = 0. Is t a composite number?
False
Let g = -70 + -245. Let t be (5/(-3) - -1)/(35/g). Suppose 8*l - 94 = t*l. Is l a prime number?
True
Let t be 5 + -5 - 3264*9. Is (t/(-30) + -7)/(1/5) a prime number?
True
Suppose 19941 = -12*v + 65421. Suppose i = 11*i - v. Is i composite?
False
Let o = -223 - -224. Is 7/(-70)*-145*146/o a prime number?
False
Is ((-112)/(-18))/28 - (-1045526)/18 a composite number?
True
Suppose 25208 = -3*c + 8*c + 2*f, -3*c + 15122 = 4*f. Let r = c + -2471. Is r a prime number?
False
Let g = -26 - -29. Let x be g/9 - (-18916)/6. Suppose 3*q - 4*l - 2357 = 0, -x = -6*q + 2*q - 5*l. Is q prime?
True
Let t = -113 + 67. Let z = t - -1505. Is z prime?
True
Let l(h) = -2764*h**3 - h - 2. Let s be l(-1). Suppose -4